t -945c (base 16) to base 2.
-1001010001011100
What is -4626 (base 8) in base 12?
-1506
-983 (base 10) to base 4
-33113
Convert -4d56 (base 14) to base 5.
-413400
What is -16a2 (base 13) in base 7?
-12514
Convert -66414 (base 7) to base 8.
-40437
What is -1034 (base 8) in base 13?
-327
What is -11100010010 (base 2) in base 16?
-712
Convert -308 (base 9) to base 7.
-506
Convert -1200021 (base 6) to base 3.
-10011100111
What is -1355 (base 10) in base 14?
-6cb
What is -16d0 (base 16) in base 8?
-13320
Convert 1111011110111 (base 2) to base 4.
1323313
-1200121 (base 3) to base 12
-867
What is 411 (base 16) in base 4?
100101
110120 (base 3) to base 12
243
Convert 224 (base 10) to base 5.
1344
What is 197 (base 16) in base 5?
3112
Convert -6b4 (base 16) to base 4.
-122310
What is 110110111 (base 2) in base 8?
667
What is 2002 (base 5) in base 13?
165
What is 69 (base 15) in base 5?
344
1506 (base 7) to base 12
416
342b (base 14) to base 8
21537
What is 60a0 (base 12) in base 4?
2203320
-44643 (base 7) to base 13
-51b4
Convert -1a04 (base 16) to base 15.
-1e90
Convert 3201032 (base 4) to base 9.
21685
What is 3101111 (base 4) in base 5?
412042
Convert 642 (base 7) to base 10.
324
Convert -1202000 (base 3) to base 12.
-899
Convert -110100100 (base 2) to base 7.
-1140
What is 4a61 (base 12) in base 6?
103001
Convert 52 (base 7) to base 12.
31
What is 12003 (base 4) in base 5?
3022
Convert 6a9 (base 15) to base 16.
5e5
-150446 (base 7) to base 11
-1a902
Convert 511 (base 9) to base 4.
12133
What is 100110100 (base 2) in base 9?
372
What is 9426 (base 12) in base 2?
11111100011110
-10110111000 (base 2) to base 9
-2006
Convert -5456 (base 13) to base 4.
-2313110
-761 (base 11) to base 15
-40e
What is -8211 (base 10) in base 14?
-2dc7
What is 2111021 (base 4) in base 14?
369b
What is -4c44 (base 13) in base 5?
-321442
1355 (base 8) to base 6
3245
Convert 2bc (base 13) to base 8.
755
-190 (base 16) to base 14
-208
201 (base 9) to base 4
2203
Convert 3387 (base 15) to base 5.
322202
What is 230231 (base 4) in base 10?
2861
-2015 (base 7) to base 10
-698
-102121 (base 3) to base 16
-139
What is 20010122 (base 3) in base 14?
18b6
What is 355 (base 14) in base 3?
220120
103131 (base 6) to base 9
12561
-80b (base 14) to base 9
-2144
102110 (base 6) to base 4
2000322
-5b7 (base 15) to base 4
-110101
100001111001 (base 2) to base 11
16a2
What is -111201 (base 7) in base 9?
-28853
Convert -31156 (base 8) to base 9.
-18634
-211202 (base 4) to base 2
-100101100010
What is 390 (base 11) in base 10?
462
Convert -747 (base 10) to base 8.
-1353
What is -34701 (base 8) in base 9?
-22247
Convert -2434212 (base 5) to base 11.
-31774
Convert c83 (base 15) to base 9.
3776
23021 (base 4) to base 2
1011001001
4044 (base 5) to base 2
1000001100
Convert 1002121 (base 3) to base 5.
11144
-3300 (base 6) to base 12
-530
Convert 110 (base 8) to base 13.
57
1749c (base 15) to base 13
28371
What is -11100111001 (base 2) in base 10?
-1849
What is -1212202010 (base 3) in base 7?
-212565
426 (base 9) to base 2
101011100
Convert 5004 (base 6) to base 12.
764
Convert -232 (base 10) to base 4.
-3220
What is -aaab (base 14) in base 2?
-111001101101111
Convert 3357 (base 10) to base 6.
23313
What is -137032 (base 8) in base 4?
-23320122
9cb (base 15) to base 8
4250
-56963 (base 11) to base 15
-195ee
-6794 (base 12) to base 14
-4288
-126115 (base 7) to base 10
-23728
2cb (base 13) to base 15
23a
What is -3453 (base 6) in base 13?
-4b6
Convert 4767 (base 14) to base 6.
133331
54c2 (base 15) to base 12
a485
What is -594e (base 16) in base 5?
-1212422
-4050 (base 7) to base 6
-10303
What is 202c (base 16) in base 4?
2000230
115530 (base 6) to base 5
312400
Convert 643 (base 8) to base 15.
1ce
2175 (base 13) to base 16
1233
What is 309 (base 12) in base 14?
237
What is 1311340 (base 5) in base 2?
110010011110101
Convert -13b1 (base 15) to base 14.
-1772
-10373 (base 9) to base 2
-1101011010110
Convert 10002020211 (base 3) to base 2.
1110110100010011
Convert 10100000110 (base 2) to base 6.
5542
Convert -887 (base 15) to base 14.
-9b9
c6b (base 14) to base 10
2447
Convert 1301 (base 5) to base 6.
533
Convert 1001000000110 (base 2) to base 16.
1206
What is 2000 (base 4) in base 2?
10000000
-11561 (base 11) to base 3
-211211110
1111001110100 (base 2) to base 15
249b
335 (base 10) to base 9
412
What is 31ae (base 16) in base 14?
48c6
Convert 3a63 (base 12) to base 9.
10163
Convert 12121220 (base 3) to base 4.
1000011
Convert 110000111110101 (base 2) to base 5.
1300302
What is -2d7 (base 16) in base 14?
-39d
-1101111111110 (base 2) to base 7
-26615
What is -2e4 (base 15) in base 7?
-1636
-12624 (base 8) to base 10
-5524
Convert 2023133 (base 4) to base 9.
13218
Convert -10001 (base 3) to base 9.
-101
What is -2829 (base 11) in base 7?
-13450
11000 (base 5) to base 10
750
Convert -342 (base 6) to base 9.
-158
What is 1a345 (base 12) in base 10?
38501
What is 1102011 (base 3) in base 4?
100012
What is 4333 (base 5) in base 10?
593
-12706 (base 11) to base 14
-688c
b0 (base 13) to base 4
2033
Convert 8ab (base 16) to base 11.
1738
What is 1101100010 (base 2) in base 16?
362
What is -10011001000100011 (base 2) in base 7?
-444326
-4051 (base 9) to base 10
-2962
-3160 (base 8) to base 10
-1648
What is -1007 (base 8) in base 7?
-1341
-12a5 (base 15) to base 14
-1644
-221234 (base 5) to base 14
-2b38
Convert 10113 (base 5) to base 4.
22102
57 (base 11) to base 12
52
Convert -2010 (base 5) to base 12.
-193
What is 102140 (base 7) in base 15?
5315
163 (base 9) to base 10
138
What is 5142 (base 7) in base 14?
922
400 (base 5) to base 3
10201
-274 (base 8) to base 6
-512
Convert -2000 (base 13) to base 10.
-4394
Convert -760 (base 12) to base 15.
-4c0
What is -23a88 (base 11) in base 16?
-8715
Convert 9b1 (base 12) to base 3.
1221221
What is -17885 (base 9) in base 16?
-3065
-228 (base 14) to base 15
-1d8
Convert 298 (base 13) to base 2.
111001111
What is 1110111101011 (base 2) in base 13?
3642
-55305 (base 6) to base 5
-221143
Convert 573 (base 9) to base 5.
3341
What is 1f3e (base 16) in base 2?
1111100111110
18c (base 16) to base 6
1500
-1110100 (base 2) to base 16
-74
What is 2035 (base 13) in base 11?
3375
Convert -160 (base 16) to base 11.
-2a0
Convert -174 (base 11) to base 6.
-534
What is 34 (base 15) in base 4?
301
Convert -2002221 (base 3) to base 9.
-2087
What is 1b97 (base 12) in base 15?
1037
5675 (base 14) to base 10
14999
Convert -165b3 (base 14) to base 12.
-28501
What is -115a4 (base 13) in base 16?
-7bf9
40510 (base 10) to base 11
28488
What is 319 (base 10) in base 8?
477
What is -2044 (base 6) in base 13?
-295
-20314 (base 7) to base 12
-2a54
Convert -210 (base 4) to base 12.
-30
What is 10010010011 (base 2) in base 10?
1171
Convert 3023 (base 5) to base 9.
471
Convert -2423 (base 7) to base 5.
-12044
What is 8100 (base 10) in base 16?
1fa4
Convert 3012 (base 8) to base 3.
2010021
Convert -312 (base 11) to base 16.
-178
-2618 (base 9) to base 2
-11110101001
Convert 1110111011 (base 2) to base 4.
32323
21227 (base 8) to base 2
10001010010111
-300012 (base 5) to base 10
-9382
What is 381 (base 11) in base 7?
1214
-386 (base 11) to base 15
-207
What is -16065 (base 10) in base 14?
-5bd7
Convert 12222010 (base 3) to base 6.
32050
What is -113262 (base 7) in base 13?
-9378
Convert -10100000110 (base 2) to base 15.
-5ab
Convert 2301 (base 9) to base 10.
1702
14412 (base 5) to base 13
73a
1101100 (base 2) to base 16
6c
Convert 2625 (base 9) to base 5.
30332
Convert -93a (base 12) to base 6.
-10114
1234 (base 6) to base 9
374
Convert 2507 (base 8) to base 14.
6c7
What is -1643 (base 10) in base 12?
-b4b
-5105 (base 11) to base 12
-3b11
-54035 (base 6) to base 16
-1cc7
What is -5605 (base 7) in base 9?
-2677
Convert 1156 (base 8) to base 11.
516
Convert 184e (base 15) to base 2.
1010010000001
Convert 11492 (base 11) to base 3.
211201020
-140034 (base 6) to base 15
-3ca7
What is 255202 (base 6) in base 9?
34722
Convert -4835 (base 13) to base 5.
-311214
11110111110 (base 2) to base 15
8c2
Convert -c80 (base 15) to base 6.
-21020
What is 215 (base 10) in base 4?
3113
Convert 221324 (base 5) to base 9.
11521
What is -6001 (base 8) in base 11?
-2344
Convert -68 (base 11) to base 16.
-4a
128b (base 13) t